{"id":1086,"date":"2022-08-29T16:47:41","date_gmt":"2022-08-29T16:47:41","guid":{"rendered":"https:\/\/tasarimcim.net\/blog\/?page_id=1086"},"modified":"2022-08-29T16:57:21","modified_gmt":"2022-08-29T16:57:21","slug":"hakkimizda","status":"publish","type":"page","link":"https:\/\/tasarimcim.net\/blog\/hakkimizda\/","title":{"rendered":"Hakk\u0131m\u0131zda"},"content":{"rendered":"<p>Tasar\u0131mc\u0131m yeni kurulmak ile beraber hem yard\u0131mla\u015fma hem de bir\u00e7ok konuda bilgi vermek \u00fczere kurulan bir forum sitesidir. Sitemizin bir\u00e7ok konuda yard\u0131m sundu\u011fu grafik tasar\u0131m, freelancer uzmanla\u015fmas\u0131 ile \u00e7ok fazla kitleye hitap etmesi en g\u00f6zde \u00f6zeliklerinden biri olmaktad\u0131r.<br \/>\nYard\u0131ma ihtiyac\u0131n\u0131z olan bir konuda ders g\u00f6rme niteli\u011finde kendinizi geli\u015ftirebilece\u011finiz bir ortam sunmaktay\u0131z. Kendinizi geli\u015ftirmek istiyor ya da hizmet almak veya hizmet g\u00f6rmek istiyorsan\u0131z, Tasar\u0131mc\u0131m tam da bu \u00f6zellikleri bar\u0131nd\u0131ran bir forum sitesi. Yard\u0131ma ihtiyac\u0131n\u0131z olan bir konu hakk\u0131nda bizim sitemizde olman\u0131z yeterli olacakt\u0131r. Ayn\u0131 zamanda i\u015f imk\u00e2n\u0131 konusunda kendinizi geli\u015ftirebilece\u011finiz bir odak noktas\u0131na ula\u015fman\u0131z\u0131 sa\u011fl\u0131yoruz.<br \/>\nG\u00fcn\u00fcm\u00fcz dijital d\u00fcnyas\u0131nda art\u0131k i\u015flerin ve i\u015fverenlerinin tercihi olan bir\u00e7ok konuda bizimle yeni bir i\u015f hayat\u0131na ad\u0131m atabilir ya da bilgilerinizi g\u00fcncelleyebilirsiniz. Web tasar\u0131m d\u00fcnyas\u0131n\u0131n geni\u015fli\u011fi ile kendine olan katk\u0131n\u0131zda tasar\u0131mc\u0131m, sizler i\u00e7in grafik tasar\u0131m bilginizi artt\u0131rmak i\u00e7in de varl\u0131\u011f\u0131n\u0131 s\u00fcrd\u00fcren ve s\u00fcrd\u00fcrecek olan yeni fakat d\u00fcnyaya geni\u015f bakan bir site. Sizlerin de freelancer \u00e7al\u0131\u015fma ortam\u0131 buldu\u011funuz, geli\u015ftik\u00e7e daha fazla bilgi birikiminizin olaca\u011f\u0131n\u0131 kuruldu\u011fumuz andan itibaren hedefliyoruz.<br \/>\nTasar\u0131mc\u0131m yenilikleri daima takip eden, takip etti\u011fi her durumunda \u00fcst\u00fcne yeni bilgiler katan bir site olma yolunda emin ad\u0131mlar ile y\u00fcr\u00fcyor. Sizde grafik tasar\u0131m konusunda, ya da freelancer imk\u00e2n\u0131 konusunda forum sitemizden yard\u0131m alabilece\u011finiz gibi yeni her t\u00fcrl\u00fc bilgiye de sahip olabilirsiniz. Amac\u0131m\u0131z yenilikleri daima takip etmek ve siz kat\u0131l\u0131mc\u0131lar\u0131m\u0131z ile daha g\u00fczel bir noktada dijital d\u00fcnyan\u0131n kap\u0131lar\u0131n\u0131 beraber a\u00e7mak.<br \/>\nTasar\u0131mc\u0131m ile siz de yeni bilgiler edinebilir, edindi\u011finiz bilgileri i\u015f hayat\u0131n\u0131z noktas\u0131na getirebilirsiniz. Hayat\u0131n dijital d\u00fcnyada ya\u015fand\u0131\u011f\u0131 bu d\u00f6nemde sizlerim en iyisini hak edece\u011finiz tasar\u0131m sitemiz ile daha g\u00fczel kap\u0131lar\u0131n a\u00e7\u0131lmas\u0131n\u0131 sa\u011flamak amac\u0131yla emin ad\u0131mlarla y\u00fcr\u00fcyoruz.<br \/>\nTasar\u0131mc\u0131m ile bir i\u015f konusunda yard\u0131ma ihtiyac\u0131n\u0131z oldu\u011fu an da bilgi birikimi olan insanlarla ileti\u015fime ge\u00e7ebilirsiniz. \u0130\u015f konusundaki y\u00fck\u00fcn\u00fcz\u00fc azaltabilir, daha h\u0131zl\u0131 ve emin ad\u0131mlar ile y\u00fcr\u00fcyebilirsiniz. G\u00fcn\u00fcm\u00fcz web d\u00fcnyas\u0131nda ihtiyac\u0131n\u0131z olan grafik tasar\u0131m katk\u0131s\u0131 ile tasar\u0131mc\u0131m bilgilerinizi daha \u00e7ok kuvvetlendirmek i\u00e7in var olan ve sizlere ihtiya\u00e7lar\u0131n\u0131z konusunda en iyisini vaat eden bir sitedir. Photoshop ya da Adobe programlar\u0131na h\u00e2kim olarak kendi i\u015finizde en iyisini hedefleme yolunda tasar\u0131mc\u0131m sizinle beraber.<br \/>\nSiz de bilgi birikiminizi artt\u0131rmak istiyor ve hem kendinizi geli\u015ftirirken \u00e7al\u0131\u015fmak ya da bir tasar\u0131m yapt\u0131rmak istiyorsan\u0131z tasar\u0131mc\u0131m bir t\u0131k uza\u011f\u0131n\u0131zda.<\/p>\n","protected":false},"excerpt":{"rendered":"<p>Tasar\u0131mc\u0131m yeni kurulmak ile beraber hem yard\u0131mla\u015fma hem de bir\u00e7ok konuda bilgi vermek \u00fczere kurulan bir forum sitesidir. Sitemizin bir\u00e7ok konuda yard\u0131m sundu\u011fu grafik tasar\u0131m, freelancer uzmanla\u015fmas\u0131 ile \u00e7ok fazla kitleye hitap etmesi en g\u00f6zde \u00f6zeliklerinden biri olmaktad\u0131r. Yard\u0131ma ihtiyac\u0131n\u0131z olan bir konuda ders g\u00f6rme niteli\u011finde kendinizi geli\u015ftirebilece\u011finiz bir ortam sunmaktay\u0131z. Kendinizi geli\u015ftirmek istiyor ya &hellip;<\/p>\n","protected":false},"author":1,"featured_media":0,"parent":0,"menu_order":0,"comment_status":"closed","ping_status":"closed","template":"","meta":{"footnotes":""},"class_list":["post-1086","page","type-page","status-publish","hentry"],"yoast_head":"<!-- This site is optimized with the Yoast SEO Premium plugin v19.2 (Yoast SEO v19.6) - https:\/\/yoast.com\/wordpress\/plugins\/seo\/ -->\n<title>Hakk\u0131m\u0131zda - Tasar\u0131mc\u0131m<\/title>\n<meta name=\"robots\" content=\"index, follow, max-snippet:-1, max-image-preview:large, max-video-preview:-1\" \/>\n<link rel=\"canonical\" href=\"https:\/\/tasarimcim.net\/blog\/hakkimizda\/\" \/>\n<meta property=\"og:locale\" content=\"tr_TR\" \/>\n<meta property=\"og:type\" content=\"article\" \/>\n<meta property=\"og:title\" content=\"Hakk\u0131m\u0131zda\" \/>\n<meta property=\"og:description\" content=\"Tasar\u0131mc\u0131m yeni kurulmak ile beraber hem yard\u0131mla\u015fma hem de bir\u00e7ok konuda bilgi vermek \u00fczere kurulan bir forum sitesidir. Sitemizin bir\u00e7ok konuda yard\u0131m sundu\u011fu grafik tasar\u0131m, freelancer uzmanla\u015fmas\u0131 ile \u00e7ok fazla kitleye hitap etmesi en g\u00f6zde \u00f6zeliklerinden biri olmaktad\u0131r. Yard\u0131ma ihtiyac\u0131n\u0131z olan bir konuda ders g\u00f6rme niteli\u011finde kendinizi geli\u015ftirebilece\u011finiz bir ortam sunmaktay\u0131z. Kendinizi geli\u015ftirmek istiyor ya &hellip;\" \/>\n<meta property=\"og:url\" content=\"https:\/\/tasarimcim.net\/blog\/hakkimizda\/\" \/>\n<meta property=\"og:site_name\" content=\"Tasar\u0131mc\u0131m\" \/>\n<meta property=\"article:modified_time\" content=\"2022-08-29T16:57:21+00:00\" \/>\n<meta name=\"twitter:card\" content=\"summary_large_image\" \/>\n<script type=\"application\/ld+json\" class=\"yoast-schema-graph\">{\"@context\":\"https:\/\/schema.org\",\"@graph\":[{\"@type\":\"WebPage\",\"@id\":\"https:\/\/tasarimcim.net\/blog\/hakkimizda\/\",\"url\":\"https:\/\/tasarimcim.net\/blog\/hakkimizda\/\",\"name\":\"Hakk\u0131m\u0131zda - Tasar\u0131mc\u0131m\",\"isPartOf\":{\"@id\":\"https:\/\/tasarimcim.net\/blog\/#website\"},\"datePublished\":\"2022-08-29T16:47:41+00:00\",\"dateModified\":\"2022-08-29T16:57:21+00:00\",\"breadcrumb\":{\"@id\":\"https:\/\/tasarimcim.net\/blog\/hakkimizda\/#breadcrumb\"},\"inLanguage\":\"tr\",\"potentialAction\":[{\"@type\":\"ReadAction\",\"target\":[\"https:\/\/tasarimcim.net\/blog\/hakkimizda\/\"]}]},{\"@type\":\"BreadcrumbList\",\"@id\":\"https:\/\/tasarimcim.net\/blog\/hakkimizda\/#breadcrumb\",\"itemListElement\":[{\"@type\":\"ListItem\",\"position\":1,\"name\":\"Anasayfa\",\"item\":\"https:\/\/tasarimcim.net\/blog\/\"},{\"@type\":\"ListItem\",\"position\":2,\"name\":\"Hakk\u0131m\u0131zda\"}]},{\"@type\":\"WebSite\",\"@id\":\"https:\/\/tasarimcim.net\/blog\/#website\",\"url\":\"https:\/\/tasarimcim.net\/blog\/\",\"name\":\"Tasar\u0131mc\u0131m\",\"description\":\"Blog\",\"potentialAction\":[{\"@type\":\"SearchAction\",\"target\":{\"@type\":\"EntryPoint\",\"urlTemplate\":\"https:\/\/tasarimcim.net\/blog\/?s={search_term_string}\"},\"query-input\":\"required name=search_term_string\"}],\"inLanguage\":\"tr\"}]}<\/script>\n<!-- \/ Yoast SEO Premium plugin. -->","yoast_head_json":{"title":"Hakk\u0131m\u0131zda - Tasar\u0131mc\u0131m","robots":{"index":"index","follow":"follow","max-snippet":"max-snippet:-1","max-image-preview":"max-image-preview:large","max-video-preview":"max-video-preview:-1"},"canonical":"https:\/\/tasarimcim.net\/blog\/hakkimizda\/","og_locale":"tr_TR","og_type":"article","og_title":"Hakk\u0131m\u0131zda","og_description":"Tasar\u0131mc\u0131m yeni kurulmak ile beraber hem yard\u0131mla\u015fma hem de bir\u00e7ok konuda bilgi vermek \u00fczere kurulan bir forum sitesidir. Sitemizin bir\u00e7ok konuda yard\u0131m sundu\u011fu grafik tasar\u0131m, freelancer uzmanla\u015fmas\u0131 ile \u00e7ok fazla kitleye hitap etmesi en g\u00f6zde \u00f6zeliklerinden biri olmaktad\u0131r. Yard\u0131ma ihtiyac\u0131n\u0131z olan bir konuda ders g\u00f6rme niteli\u011finde kendinizi geli\u015ftirebilece\u011finiz bir ortam sunmaktay\u0131z. Kendinizi geli\u015ftirmek istiyor ya &hellip;","og_url":"https:\/\/tasarimcim.net\/blog\/hakkimizda\/","og_site_name":"Tasar\u0131mc\u0131m","article_modified_time":"2022-08-29T16:57:21+00:00","twitter_card":"summary_large_image","schema":{"@context":"https:\/\/schema.org","@graph":[{"@type":"WebPage","@id":"https:\/\/tasarimcim.net\/blog\/hakkimizda\/","url":"https:\/\/tasarimcim.net\/blog\/hakkimizda\/","name":"Hakk\u0131m\u0131zda - Tasar\u0131mc\u0131m","isPartOf":{"@id":"https:\/\/tasarimcim.net\/blog\/#website"},"datePublished":"2022-08-29T16:47:41+00:00","dateModified":"2022-08-29T16:57:21+00:00","breadcrumb":{"@id":"https:\/\/tasarimcim.net\/blog\/hakkimizda\/#breadcrumb"},"inLanguage":"tr","potentialAction":[{"@type":"ReadAction","target":["https:\/\/tasarimcim.net\/blog\/hakkimizda\/"]}]},{"@type":"BreadcrumbList","@id":"https:\/\/tasarimcim.net\/blog\/hakkimizda\/#breadcrumb","itemListElement":[{"@type":"ListItem","position":1,"name":"Anasayfa","item":"https:\/\/tasarimcim.net\/blog\/"},{"@type":"ListItem","position":2,"name":"Hakk\u0131m\u0131zda"}]},{"@type":"WebSite","@id":"https:\/\/tasarimcim.net\/blog\/#website","url":"https:\/\/tasarimcim.net\/blog\/","name":"Tasar\u0131mc\u0131m","description":"Blog","potentialAction":[{"@type":"SearchAction","target":{"@type":"EntryPoint","urlTemplate":"https:\/\/tasarimcim.net\/blog\/?s={search_term_string}"},"query-input":"required name=search_term_string"}],"inLanguage":"tr"}]}},"_links":{"self":[{"href":"https:\/\/tasarimcim.net\/blog\/wp-json\/wp\/v2\/pages\/1086","targetHints":{"allow":["GET"]}}],"collection":[{"href":"https:\/\/tasarimcim.net\/blog\/wp-json\/wp\/v2\/pages"}],"about":[{"href":"https:\/\/tasarimcim.net\/blog\/wp-json\/wp\/v2\/types\/page"}],"author":[{"embeddable":true,"href":"https:\/\/tasarimcim.net\/blog\/wp-json\/wp\/v2\/users\/1"}],"replies":[{"embeddable":true,"href":"https:\/\/tasarimcim.net\/blog\/wp-json\/wp\/v2\/comments?post=1086"}],"version-history":[{"count":2,"href":"https:\/\/tasarimcim.net\/blog\/wp-json\/wp\/v2\/pages\/1086\/revisions"}],"predecessor-version":[{"id":1096,"href":"https:\/\/tasarimcim.net\/blog\/wp-json\/wp\/v2\/pages\/1086\/revisions\/1096"}],"wp:attachment":[{"href":"https:\/\/tasarimcim.net\/blog\/wp-json\/wp\/v2\/media?parent=1086"}],"curies":[{"name":"wp","href":"https:\/\/api.w.org\/{rel}","templated":true}]}}